Suppose 23*z - 8342 - 14658 = 0. Suppose s - 2635 = -4*v - 617, 2*v = -5*s + z. What is the units digit of v?
5
Let j(b) = -426*b - 5. Let g be j(-1). Suppose c = k - 205, 3*c = 4*k - 404 - g. Let t = 313 - k. What is the tens digit of t?
0
Let z(m) = -m**3 - 13*m**2 + 3. Let s be z(-13). Suppose s*y + 5*y = 16. Suppose -t - 141 = -y*t - 2*c, -4*c - 242 = -2*t. What is the tens digit of t?
3
Let g = 59215 + -14919. What is the thousands digit of g?
4
Let u = 15192 - 8612. What is the hundreds digit of u?
5
Let o be ((-165)/132)/(2/(-72)). Suppose y + 5 = 0, o*k - y - 7421 = 41*k. What is the hundreds digit of k?
8
Suppose 319*t = 70*t + 4087335. What is the hundreds digit of t?
4
Let o(u) = 915*u - 1487. What is the thousands digit of o(6)?
4
Suppose -2*x - 5*n = -2*n + 13, -x - n - 6 = 0. What is the hundreds digit of (-62)/(6 - (-32)/x)?
1
Suppose -12590 = 5*c + 5*l, -5*l + 2524 = -0*c - c. Let p = -1704 - c. What is the units digit of p?
5
Let g(i) = 2*i**2 - 12*i + 15. Let t be g(2). Let s(f) = -531*f + 14. What is the hundreds digit of s(t)?
5
Suppose -2*z = z - 2*i + 55, 4*z + 78 = -2*i. Let o be z/(2 + 5/(-2)). Suppose 3 = v + 1, -o = -2*r - v. What is the units digit of r?
8
Let d(k) = 3*k + 12. Let f be d(-4). Suppose f*q - 60 = -4*q. What is the tens digit of 5*q + 1/(3/(-6))?
7
Let d(s) = -158*s**2 - 44*s - 4. Let t be d(4). Let z = -639 - t. What is the units digit of z?
9
Let s be 1274/98*26*2/4. Suppose -9*d + s + 128 = 0. What is the tens digit of d?
3
Let p = -32130 - -50229. What is the thousands digit of p?
8
Let z(m) = 127*m**2 + 7. Let r = -507 + 510. What is the thousands digit of z(r)?
1
Suppose 0 = 13*p - 18*p + 1175. Suppose -7*l + p + 269 = 0. Suppose 5*n - 137 = -2*v - 0*n, v = n + l. What is the tens digit of v?
7
Suppose 0 = -5*v + z + 17136, 5*z = -10*v + 11*v - 3408. What is the hundreds digit of v?
4
Let r = 13421 - 7353. What is the units digit of r?
8
Let g(n) = n**3 + 23*n**2 - 52*n + 28. Let d be g(-24). Let o = 1352 - d. What is the tens digit of o?
5
Suppose 3*b = 4*i + 7*b - 36, -3*i + 4*b + 6 = 0. Suppose -i = -8*d + 26. Suppose 0 = d*r - 260 - 44. What is the units digit of r?
6
What is the hundreds digit of (-2 - (-4 + 4))/(2/(-44624)*4)?
1
Suppose 2*r - 4*r - 49 = -3*g, -5*g = 5*r - 65. Suppose -22*p + 2611 = -g*p. What is the units digit of p?
3
Suppose 10*y + 240 = 12*y. Suppose 330 + y = 2*m. Suppose -147 = -3*j - t, 5*j - 3*t = 2*t + m. What is the tens digit of j?
4
Let t(l) = 488*l - 1523. What is the tens digit of t(11)?
4
Let f = 5 - 2. Suppose 2*d - f*c - 1 = 3, 4*c = -3*d - 28. What is the tens digit of (5 - -21) + 16/d?
2
Let l be 3/2*384/18. Suppose -2*y + 306 = 2*g - l, 4*g - 4*y = 700. Suppose -13*k = -17*k + g. What is the tens digit of k?
4
Suppose -5*q - 1822 = -2*m, -36 = -q + 2*m - 394. Let v be (892/12)/((-2)/6). Let r = v - q. What is the tens digit of r?
4
Let s = 8532 + 7798. What is the ten thousands digit of s?
1
Let c be (-156)/(-27) + 2/9. Let t be (1/1)/(1/c). What is the tens digit of 10*t/4*5/1?
7
Let a be 114/(-3) - (-1 - (-2)/(-1)). Let z = -29 - a. What is the units digit of (z - (6 + -1))*250/2?
5
Let v = 8961 + -6255. What is the hundreds digit of v?
7
Let z(s) = 3*s**3 + 41*s**2 - 46*s + 111. What is the tens digit of z(14)?
3
Let z(i) = 142*i**2 - 147*i + 1279. What is the units digit of z(9)?
8
Let l be 0/52 + 7*27. Suppose -2*c = -0*c - 2*t + 196, 4*t = -2*c - 220. Let b = l + c. What is the tens digit of b?
8
Suppose 215 = 3*c + 2*r, -65 = -4*c + 3*c - 4*r. Suppose -5*a + c = -1237. What is the tens digit of a?
6
Suppose -p = 5*x - 6*p - 470, -4*p = 2*x - 188. Suppose -96*i + x*i = -4. Suppose -i*a + 859 = 4*m + 215, 322 = 2*m + 5*a. What is the hundreds digit of m?
1
Let a(u) = -926*u - 203. What is the units digit of a(-19)?
1
Let i(d) = -26*d**2 - 31*d + 1. Let a be (-4)/18 - (-14)/(-18). What is the units digit of i(a)?
6
Let g(i) = -i**2 + 14*i - 37. Let n be g(4). What is the hundreds digit of (3/(-4))/n + 17787/28?
6
Let s(y) = -y + 24. Let x be s(20). Let l be (x + 2 + -5)*-3. What is the tens digit of 2/(-4)*(1 - -443)/l?
7
Suppose -32*h + 23849 = w - 27*h, -5*w = h - 119125. What is the ten thousands digit of w?
2
Let j = -94 - -97. Let a be j + -9 + 4 + (0 - 390). Let v = a - -640. What is the hundreds digit of v?
2
Suppose -141 = -i - 5*a, -5*a - 312 = -4*i + 2*i. Let h = 214 - i. Let n = 68 - h. What is the units digit of n?
5
Suppose k + 14*k = -25*k. What is the tens digit of (k + 2)/((-43)/(-7396))?
4
Suppose 17*t + 10*t - 20358 = 0. Suppose w = -v + t, -2966 - 798 = -5*v - 2*w. What is the hundreds digit of v?
7
Let s = -116 + 203. Let j = 178 - s. Let t = j - 35. What is the units digit of t?
6
What is the units digit of (1071/1785)/((-6)/(-28990))?
9
Suppose -9*m = -21*m - 576. Let h = m + 613. What is the hundreds digit of h?
5
Let g(c) = c**2 + 3*c + 10. Let y be g(-6). Suppose -33*b = -y*b - 45. Suppose 19 = b*h - 161. What is the tens digit of h?
2
Let l(k) = 15*k**2 + 13*k - 248. What is the units digit of l(39)?
4
Let y(f) = f + 26. Let o be y(-10). Let n be (-8)/12 - o/12. Let v = 5 - n. What is the units digit of v?
7
Let y = 53 + -83. What is the hundreds digit of 78/y + 2/(-5) - -1635?
6
Let d(l) = l**2 - 8*l - 24. Let q be d(10). What is the hundreds digit of q + (0 - -39)*10?
3
Let c(x) = -5*x**3 + 53*x**2 - 6*x + 13. Let m be c(6). What is the hundreds digit of (m/2)/((-10)/20 - -1)?
8
Let k(v) = v**2 + 1. Let h(p) = 13*p**2 + 2*p + 9. Let c(t) = h(t) + 2*k(t). What is the units digit of c(-3)?
0
Let s(z) = -z**2 - 18*z + 3. Let k be (-34)/(-4)*6*(-1)/(-3). Suppose 8*i = -k - 31. What is the tens digit of s(i)?
7
Suppose -9*y - 4359 = -13*y + 58313. What is the hundreds digit of y?
6
Let y be (940/(-50))/((-2)/80). Let k = y - 402. Suppose -3*l + 138 = 5*x - 272, k = 4*x - 2*l. What is the units digit of x?
5
Let g(k) = 3*k**2 + k + 4. Let f(u) = 3*u + 3. Let c be f(1). Let b be g(c). Let j = b - 38. What is the units digit of j?
0
Suppose 106*k = -311*k + 6041406 + 10175307. What is the tens digit of k?
8
Suppose -877 - 997 = -2*l. Suppose 17099 = 4*b - l. What is the tens digit of (-2)/(9/(b/(-6)))?
6
Let r(j) = j**2 - 7*j - 5. Let u be r(7). Let z = -158 - -73. Let f = u - z. What is the units digit of f?
0
Suppose -23*h = 10*h - 8*h - 441950. What is the hundreds digit of h?
6
Suppose -21230 = -4*o - z, -2*z - 283 = -295. What is the hundreds digit of o?
3
Let k = 288 + -285. What is the tens digit of (-12)/(-54)*k*474?
1
Let n = 211 + -81. What is the units digit of (-5 - n/(-30))/(4/(-9090))?
5
Let j(l) = 5 - 6 - 22*l + 4 - 1. Let q(s) = -3*s. Let p(c) = -3*j(c) + 15*q(c). What is the units digit of p(5)?
9
Suppose -1268 = -4*x + 2*n, 4*n - 858 = -5*x + 727. Let d = 858 - x. What is the hundreds digit of d?
5
Let m = -2392 + 4155. What is the tens digit of m?
6
Let o(m) = 15*m + 45. Suppose 0 = -4*r, 4*r - 7 = 9*v - 10*v. Suppose 98 = -v*f + 14*f. What is the hundreds digit of o(f)?
2
Let w be -20 + -1 + 1 + 1. Let g(v) = -30*v + 88. What is the tens digit of g(w)?
5
Suppose -18406 - 35559 = -43*w. What is the tens digit of w?
5
Let j = -3757 + 7981. What is the tens digit of (2/(-4))/((-24)/j)?
8
Let d(q) = 2*q**2 - q + 1. Let f(o) = o**2 - 17*o + 31. Let b be f(15). Let p be d(b). Suppose -y = 4*g + p, 1 = 2*g - 3*g. What is the units digit of y?
2
Let c be 54/(-297) - 167/(-11). Suppose c*b = 6145 + 1460. What is the tens digit of b?
0
Let o = 904 - 384. Let b(c) = c**3 - 3*c**2 + 6. Let r be b(2). Suppose 6*i = r*i + o. What is the tens digit of i?
3
Suppose -56*z = -55*z - 16. Suppose 0 = 4*w + 5*o + 25, 5*w - 9 - z = 5*o. Suppose w = 5*b + p - 0*p - 152, 43 = b - 4*p. What is the tens digit of b?
3
Suppose -142338 = -4*d + 3*i - 27107, d - 2*i = 28799. What is the hundreds digit of d?
8
Let y(w) = -46*w + 19. Let l be 4/(12/45)*-3. Let t be l/(-35) + -1 + (-23)/7. What is the hundreds digit of y(t)?
1
Suppose -6584 + 20320 = 8*r. Let a = -787 + r. What is the units digit of a?
0
Let c(h) = -68*h + 12. Let g(d) = -34*d + 6. Let l(r) = -6*c(r) + 13*g(r). Let a = -15 + 11. What is the hundreds digit of l(a)?
1
Suppose -15*r - 5*x = -12*r - 29663, 3*r = -3*x + 29667. What is the thousands digit of r?
9
Let u = -5006 - 